n base 4, what is 1100312 - -1222303?
2323221
In base 3, what is 200 + 112222202011?
112222202211
In base 15, what is -a13b412 - 0?
-a13b412
In base 5, what is -21 + -443322304?
-443322330
In base 7, what is -26055 + 210032?
150644
In base 14, what is 7c - 84c1?
-8443
In base 8, what is -360721 - -12422?
-346277
In base 12, what is bb + -1b79622?
-1b79523
In base 12, what is 1b - 274a6?
-27487
In base 9, what is 0 + -18704338?
-18704338
In base 8, what is 5 - -2450173?
2450200
In base 14, what is 4d6c36d + -2?
4d6c36b
In base 4, what is -12300 + -21220011?
-21232311
In base 5, what is -324302401 - -14?
-324302332
In base 7, what is 30 - -655652?
656012
In base 15, what is -4 + 969a9d?
969a99
In base 15, what is 12321 - -4?
12325
In base 8, what is -24 + -167330661?
-167330705
In base 7, what is -15403 - -64342?
45636
In base 4, what is 2120011231102 - 11?
2120011231031
In base 15, what is -1 + -15d80d8?
-15d80d9
In base 15, what is -2 + -4be673?
-4be675
In base 7, what is -243523 + -53333?
-330156
In base 9, what is -4 - 121072664?
-121072668
In base 11, what is -1879389a7 - -3?
-1879389a4
In base 15, what is -15 + 48744?
4872e
In base 12, what is 5024 + 85?
50a9
In base 9, what is -2 + -187456?
-187458
In base 10, what is -40446779 + 4?
-40446775
In base 16, what is -459 - f78e?
-fbe7
In base 15, what is 29e1 - -41c?
2e0d
In base 8, what is -14455 + 102?
-14353
In base 3, what is 122202222 - 20211200?
101221022
In base 8, what is -1244306 + -71?
-1244377
In base 14, what is 3 + -416d0c?
-416d09
In base 7, what is -3 + -262445621?
-262445624
In base 2, what is -100111000100110110101 + 10?
-100111000100110110011
In base 2, what is 1110111110000 - 1101110101111?
1001000001
In base 16, what is -4b10d + 78a?
-4a983
In base 2, what is 111111110111010 + 100100110001?
1000100011101011
In base 5, what is 1021443 + 201?
1022144
In base 15, what is 9a9eca - 4?
9a9ec6
In base 15, what is a825602 - -1?
a825603
In base 12, what is 866 + 15aa?
2254
In base 12, what is -75b9 - -6927?
-892
In base 6, what is 14 - -1200543344?
1200543402
In base 9, what is -15 + 778045?
778030
In base 8, what is -626 + 1540044?
1537216
In base 9, what is 10 + 7470151?
7470161
In base 4, what is 1120 + 2200121313?
2200123033
In base 3, what is 20 - -12002002112101000?
12002002112101020
In base 12, what is -2 + -3829825?
-3829827
In base 11, what is -162788 + -260?
-162a38
In base 16, what is -1 - -1687ef6?
1687ef5
In base 4, what is 113130233130 + 20?
113130233210
In base 16, what is -6d1b + 1978?
-53a3
In base 9, what is 2 + -217482488?
-217482486
In base 6, what is 130030013 + -5?
130030004
In base 14, what is -94da4 - 91?
-95055
In base 9, what is -5 + 2658430?
2658424
In base 16, what is -1053b - -11f?
-1041c
In base 7, what is 11663 - -4112?
16105
In base 14, what is -30827 - -6cc?
-30139
In base 9, what is -7 + 447150671?
447150663
In base 16, what is 15 - -179c53?
179c68
In base 4, what is 3 + 310201001223?
310201001232
In base 8, what is 152356 - -106?
152464
In base 4, what is -3321 - 1121332323?
-1122002310
In base 10, what is -477 + 201353?
200876
In base 10, what is 11363 + 139?
11502
In base 3, what is -12212201100222 - -2?
-12212201100220
In base 16, what is 6f + -2e1e?
-2daf
In base 3, what is 2 - 221102121201210?
-221102121201201
In base 14, what is -152 - -b0c5?
ad73
In base 12, what is 364 + 115604?
115968
In base 6, what is 110 + -312404130?
-312404020
In base 7, what is 5324224542 - 0?
5324224542
In base 16, what is -1dc7a0 + 37?
-1dc769
In base 16, what is -1 - 2b5792e?
-2b5792f
In base 4, what is -103211100132033 - 3?
-103211100132102
In base 5, what is 1213 + 222032322?
222034040
In base 9, what is 5267740 + 2?
5267742
In base 12, what is -21 + -1b4b98?
-1b4bb9
In base 14, what is -3a17c07 + -5?
-3a17c0c
In base 13, what is 823002 + 125?
823127
In base 10, what is 14857 - -1006?
15863
In base 11, what is 0 - -2116727?
2116727
In base 4, what is 102 + -23132320022?
-23132313320
In base 15, what is 156 + -540e8?
-53e92
In base 3, what is -12 - 1000120002122002?
-1000120002122021
In base 14, what is -2 - 805940?
-805942
In base 14, what is 2422b4 - 1?
2422b3
In base 16, what is 2c + 346de?
3470a
In base 9, what is 45757066 + -15?
45757051
In base 6, what is 25243 - 5004?
20235
In base 12, what is 364a18 - -65?
364a81
In base 15, what is -4a9826 + 9?
-4a981c
In base 10, what is -180 + 1178209?
1178029
In base 11, what is a - 20913?
-20904
In base 8, what is -61231421 + 3?
-61231416
In base 10, what is -18 - -783214?
783196
In base 6, what is 412 - -1521325?
1522141
In base 15, what is 21991 - 37db?
1d1a5
In base 9, what is 561534 - 7705?
552728
In base 7, what is -62162535 - 50?
-62162615
In base 15, what is -960 - 7a8b?
-84eb
In base 9, what is -8685 + 1536?
-7148
In base 14, what is -47193 + -24a?
-473dd
In base 15, what is cc + 11d7a7?
11d884
In base 11, what is 5 - 7a135251?
-7a135247
In base 5, what is 303343 + 4144?
313042
In base 8, what is 1002044 + -13204?
766640
In base 15, what is 160b3ae - 18?
160b396
In base 11, what is 4a74 - -12672?
17636
In base 6, what is 333541 - -24351?
402332
In base 12, what is 1986 + -331?
1655
In base 15, what is -987 - -299?
-6dd
In base 5, what is 1 - 2210044022?
-2210044021
In base 15, what is cdccb + 59?
cdd35
In base 2, what is 10000011110010110 + 101111001?
10000100100001111
In base 7, what is 21445026312 + 5?
21445026320
In base 13, what is 2a6 - 59249?
-58c73
In base 7, what is 65612501 + 23?
65612524
In base 6, what is 4 - -122432404?
122432412
In base 4, what is -3231 + 2223003102?
2222333211
In base 14, what is -5 + -5a1db8?
-5a1dbd
In base 6, what is 54125 - 24?
54101
In base 4, what is 323 + 21100233212?
21100300201
In base 11, what is -142084 + 15a7?
-140588
In base 2, what is -1100010110110100000 + 100111100?
-1100010110001100100
In base 8, what is -5 + -647640625?
-647640632
In base 2, what is -10101111101 - 10010011100110?
-10101001100011
In base 6, what is -2220322 + 1042?
-2215240
In base 11, what is -1078308 - 1?
-1078309
In base 14, what is -35d - -9bb?
65c
In base 13, what is -178517 - 14?
-17852b
In base 10, what is -26930 + -4607?
-31537
In base 6, what is -4410 + -32351110?
-32355520
In base 10, what is 29 - -151725?
151754
In base 6, what is -24514555323 + -1?
-24514555324
In base 7, what is 43404254 + 532?
43405116
In base 5, what is 3 + -1140330442?
-1140330434
In base 6, what is -153215 + -3351?
-201010
In base 13, what is 6 - 6758bc?
-6758b6
In base 11, what is -6157 + -2176?
-8322
In base 9, what is 8 + -2310110?
-2310101
In base 8, what is 253 + 1230717?
1231172
In base 3, what is 1120011 - -111000122?
112120210
In base 11, what is -543 - -25660a?
256077
In base 3, what is 110002 + -2021222022?
-2021112020
In base 10, what is -5 - 2831204?
-2831209
In base 15, what is 15d0 + -dd33?
-c753
In base 7, what is 25 + 343355?
343413
In base 3, what is -2 + 121101100020201110?
121101100020201101
In base 14, what is -2 + c5d107?
c5d105
In base 4, what is 20 - -201130130200?
201130130220
In base 11, what is 4a772928 + 0?
4a772928
In base 16, what is -d5 - 153684?
-153759
In base 10, what is -2977 - 13341?
-16318
In base 7, what is -260563 - 22313?
-313206
In base 6, what is -1 + -52015553?
-52015554
In base 15, what is 4 + 6c1be2?
6c1be6
In base 5, what is 20011431343 + 21?
20011431414
In base 9, what is 48871 + 1426?
51407
In base 13, what is 1878 + a25?
25a0
In base 3, what is -1 + 210011202002001?
210011202002000
In base 13, what is -c88a + 330?
-c55a
In base 5, what is -213231 - -20312?
-142414
In base 15, what is 3236 - 139?
30ec
In base 16, what is -e + -6c1e7?
-6c1f5
In base 4, what is 1310 + 131031221?
131033131
In base 5, what is 2422241300 - 14?
2422241231
In base 4, what is -11022020323 + -12131?
-11022033120
In base 10, what is -130030881 + 6?
-130030875
In base 16, what is -1c264e - -8?
-1c2646
In base 15, what is -1ae023 - 31?
-1ae054
In base 2, what is 101 - -111001010100110010111110?
111001010100110011000011
In base 8, what is 21105 - -4464?
25571
In base 16, what is 840 - 12536?
-11cf6
In base 6, what is -2450 - -5250240?
5243350
In base 4, what is 1 + 202311310111?
202311310112
In base 4, what is -10 + 1322012220300?
1322012220230
In base 7, what is 203365 - 111?
203254
In ba